{"id":717,"date":"2017-12-29T19:21:33","date_gmt":"2017-12-29T19:21:33","guid":{"rendered":"http:\/\/cdu-buir.de\/?page_id=717"},"modified":"2017-12-29T19:44:59","modified_gmt":"2017-12-29T19:44:59","slug":"cdu-gesichter","status":"publish","type":"page","link":"https:\/\/cdu-buir.de\/?page_id=717","title":{"rendered":"CDU Gesichter"},"content":{"rendered":"<p><div class=\"tmm tmm_cdu-gesichter\"><div class=\"tmm_2_columns tmm_wrap tmm_theme_f\"><span class=\"tmm_two_containers_tablet\"><\/span><div class=\"tmm_container\"><div class=\"tmm_member\" style=\"border-top:#fab200 solid 5px;\"><div class=\"tmm_photo tmm_pic_cdu-gesichter_0\" style=\"background: url(http:\/\/cdu-buir.de\/wp-content\/uploads\/2025\/11\/MG_1070-gewaehlt-Kopie-2.png); margin-left: auto; margin-right:auto; background-size:cover !important;\"><\/div><div class=\"tmm_textblock\"><div class=\"tmm_names\"><span class=\"tmm_fname\">Markus<\/span> <span class=\"tmm_lname\">Frambach<\/span><\/div><div class=\"tmm_job\">Vorsitzender \/ Stadtverordneter \/ Ortsvorsteher<\/div><div class=\"tmm_desc\" style=\"text-align:left\"><p>\u00dcber mich:<br \/>Ich m\u00f6chte die M\u00f6glichkeit nutzen die Entwicklung des eigenen Ortes mit zu gestalten. Gerade in den Zeiten der klammen Kassen wird das Ehrenamt immer wichtiger, der Stadt fehlen Mittel um alles aufzufangen, was fr\u00fcher wie selbstverst\u00e4ndlich im Ort selbst \u00fcbernommen wurde. Auch darf man nicht vergessen, dass es sein pers\u00f6nliches Umfeld ist, f\u00fcr das man sich einsetzt. Erfolge und Verbesserung lassen sich unmittelbar sp\u00fcren und wirken sich positiv auf die Motivation aus weiter zu arbeiten.<\/p><p>Als Mitglied im Rat der Kolpingstadt Kerpen und Ortsvorsteher arbeite ich direkt in der Kerpener Politik mit. Meine Ziele sind:<br \/>Buir als Ort f\u00fcr Familien langfristig attraktiv zu halten und so ein buntes und vielf\u00e4ltiges Dorfleben aufrecht zu erhalten. Hier steht der Umgang mit den aktuellen Herausforderungen der Region und speziell f\u00fcr Buir im Vordergrund. Dazu geh\u00f6rt den Wandel so zu steuern, dass alte und neue Buirerinnen und Buirer einen modernen und angebotsreichen Ort bewohnen k\u00f6nnen, der den bekannten d\u00f6rflichen Charakter nicht verliert. Infrastruktur, wie Kinderg\u00e4rten und Schule und das rege Vereinsleben sollen eine langfristige Existenzgrundlage behalten.<\/p><p>Biografie:<br \/>Ich bin Jahrgang 1982 und habe 13 Jahre in K\u00f6ln im Vertrieb eines mittelst\u00e4ndischen Familienunternehmens gearbeitet.\u00a0 Mitte 2023 habe ich in ein gro\u00dfes Bundesamt in K\u00f6ln gewechselt.\u00a0<\/p><\/div><div class=\"tmm_scblock\"><a class=\"tmm_sociallink\" href=\"mailto:i&#110;f&#111;&#064;c&#100;&#117;&#045;&#098;&#117;&#105;r&#046;d&#101;\" title=\"\"><img decoding=\"async\" alt=\"\" src=\"https:\/\/cdu-buir.de\/wp-content\/plugins\/team-members\/inc\/img\/links\/email.png\"\/><\/a><\/div><\/div><\/div><div class=\"tmm_member\" style=\"border-top:#fab200 solid 5px;\"><div class=\"tmm_photo tmm_pic_cdu-gesichter_1\" style=\"background: url(http:\/\/cdu-buir.de\/wp-content\/uploads\/2017\/12\/Foto-Christian-Schmitz-klein-1.png); margin-left: auto; margin-right:auto; background-size:cover !important;\"><\/div><div class=\"tmm_textblock\"><div class=\"tmm_names\"><span class=\"tmm_fname\">Christian<\/span> <span class=\"tmm_lname\">Schmitz<\/span><\/div><div class=\"tmm_job\">Stellv. Vorsitzender \/ Vertreter im Stadtverband<\/div><div class=\"tmm_scblock\"><\/div><\/div><\/div><span class=\"tmm_two_containers_tablet\"><\/span><\/div><span class=\"tmm_columns_containers_desktop\"><\/span><div class=\"tmm_container\"><div class=\"tmm_member\" style=\"border-top:#fab200 solid 5px;\"><div class=\"tmm_photo tmm_pic_cdu-gesichter_2\" style=\"background: url(http:\/\/cdu-buir.de\/wp-content\/uploads\/2017\/12\/CKluxen.jpg); margin-left: auto; margin-right:auto; background-size:cover !important;\"><\/div><div class=\"tmm_textblock\"><div class=\"tmm_names\"><span class=\"tmm_fname\">Christian<\/span> <span class=\"tmm_lname\">Kluxen<\/span><\/div><div class=\"tmm_job\">Schatzmeister<\/div><div class=\"tmm_scblock\"><\/div><\/div><\/div><div class=\"tmm_member\" style=\"border-top:#fab200 solid 5px;\"><div class=\"tmm_photo tmm_pic_cdu-gesichter_3\" style=\"background: url(http:\/\/cdu-buir.de\/wp-content\/uploads\/2017\/12\/Seemann-5728_beton2.jpg); margin-left: auto; margin-right:auto; background-size:cover !important;\"><\/div><div class=\"tmm_textblock\"><div class=\"tmm_names\"><span class=\"tmm_fname\">Florian<\/span> <span class=\"tmm_lname\">Seemann<\/span><\/div><div class=\"tmm_job\">Mitgliederbeauftragter<\/div><div class=\"tmm_desc\" style=\"text-align:left\"><p>\u00dcber mich:<br \/>Als dreifacher Familienvater ist mir die verst\u00e4rkte Entwicklung von Buir als familienfreundlicher Stadtteil mit Herz ein besonderes Anliegen. In diesem Zusammenhang ist besonders der familienfreundliche Ausbau der Infrastruktur und die wohnbauliche Entwicklung beachtenswert. Der Klima- Umweltschutz darf zum Wohle der folgenden Generationen dabei nicht vernachl\u00e4ssigt werden.<\/p><p>Biografie:<br \/>Ich bin 1980 geboren, verheiratet und arbeite als Polizeibeamter.<\/p><\/div><div class=\"tmm_scblock\"><\/div><\/div><\/div><span class=\"tmm_two_containers_tablet\"><\/span><\/div><span class=\"tmm_columns_containers_desktop\"><\/span><div class=\"tmm_container\"><div class=\"tmm_member\" style=\"border-top:#fab200 solid 5px;\"><div class=\"tmm_photo tmm_pic_cdu-gesichter_4\" style=\"background: url(http:\/\/cdu-buir.de\/wp-content\/uploads\/2025\/11\/PHOTO-2025-11-07-19-53-54-1.jpg); margin-left: auto; margin-right:auto; background-size:cover !important;\"><\/div><div class=\"tmm_textblock\"><div class=\"tmm_names\"><span class=\"tmm_fname\">Hans<\/span> <span class=\"tmm_lname\">Bohnen<\/span><\/div><div class=\"tmm_job\">Beisitzer \/ sachkundiger B\u00fcrger<\/div><div class=\"tmm_scblock\"><\/div><\/div><\/div><div class=\"tmm_member\" style=\"border-top:#fab200 solid 5px;\"><div class=\"tmm_photo tmm_pic_cdu-gesichter_5\" style=\"background: url(http:\/\/cdu-buir.de\/wp-content\/uploads\/2017\/12\/Standard-400-pixel.jpg); margin-left: auto; margin-right:auto; background-size:cover !important;\"><\/div><div class=\"tmm_textblock\"><div class=\"tmm_names\"><span class=\"tmm_fname\">Markus<\/span> <span class=\"tmm_lname\">Elsner<\/span><\/div><div class=\"tmm_job\">Beisitzer<\/div><div class=\"tmm_scblock\"><\/div><\/div><\/div><span class=\"tmm_two_containers_tablet\"><\/span><\/div><span class=\"tmm_columns_containers_desktop\"><\/span><div class=\"tmm_container\"><div class=\"tmm_member\" style=\"border-top:#fab200 solid 5px;\"><div class=\"tmm_photo tmm_pic_cdu-gesichter_6\" style=\"background: url(http:\/\/cdu-buir.de\/wp-content\/uploads\/2017\/12\/Standard-400-pixel.jpg); margin-left: auto; margin-right:auto; background-size:cover !important;\"><\/div><div class=\"tmm_textblock\"><div class=\"tmm_names\"><span class=\"tmm_fname\">Gertrud<\/span> <span class=\"tmm_lname\">Hempsch<\/span><\/div><div class=\"tmm_job\">Beisitzerin<\/div><div class=\"tmm_scblock\"><\/div><\/div><\/div><div class=\"tmm_member\" style=\"border-top:#fab200 solid 5px;\"><div class=\"tmm_photo tmm_pic_cdu-gesichter_7\" style=\"background: url(http:\/\/cdu-buir.de\/wp-content\/uploads\/2017\/12\/Standard-400-pixel.jpg); margin-left: auto; margin-right:auto; background-size:cover !important;\"><\/div><div class=\"tmm_textblock\"><div class=\"tmm_names\"><span class=\"tmm_fname\">Johannes<\/span> <span class=\"tmm_lname\">Kraus<\/span><\/div><div class=\"tmm_job\">Beisitzer<\/div><div class=\"tmm_scblock\"><\/div><\/div><\/div><span class=\"tmm_two_containers_tablet\"><\/span><\/div><span class=\"tmm_columns_containers_desktop\"><\/span><div class=\"tmm_container\"><div class=\"tmm_member\" style=\"border-top:#fab200 solid 5px;\"><div class=\"tmm_photo tmm_pic_cdu-gesichter_8\" style=\"background: url(http:\/\/cdu-buir.de\/wp-content\/uploads\/2017\/12\/Standard-400-pixel.jpg); margin-left: auto; margin-right:auto; background-size:cover !important;\"><\/div><div class=\"tmm_textblock\"><div class=\"tmm_names\"><span class=\"tmm_fname\">Catrin<\/span> <span class=\"tmm_lname\">Lisken<\/span><\/div><div class=\"tmm_job\">Beisitzerin<\/div><div class=\"tmm_desc\" style=\"text-align:left\"><p>\u00dcber mich:<br \/>Als geborene Buirerin liegt mir dieser Ort sehr am Herzen. Ich m\u00f6chte mich zusammen mit dem Ortsverband Buir daf\u00fcr einsetzen, dass das \u201eDorfleben Buir\u201c trotz aller bestehenden Schwierigkeiten lebenswert bleibt. Besonders die Interessen junger Familien und auch der \u00e4lteren Generation sollten meiner Meinung nach aufgegriffen und sinnvoll umgesetzt werden.<\/p><\/div><div class=\"tmm_scblock\"><\/div><\/div><\/div><div class=\"tmm_member\" style=\"border-top:#fab200 solid 5px;\"><div class=\"tmm_photo tmm_pic_cdu-gesichter_9\" style=\"background: url(http:\/\/cdu-buir.de\/wp-content\/uploads\/2013\/04\/1367270098-8AJD.jpg); margin-left: auto; margin-right:auto; background-size:cover !important;\"><\/div><div class=\"tmm_textblock\"><div class=\"tmm_names\"><span class=\"tmm_fname\">Marianne<\/span> <span class=\"tmm_lname\">Vaa\u00dfen<\/span><\/div><div class=\"tmm_job\">Beisitzerin<\/div><div class=\"tmm_desc\" style=\"text-align:left\"><p>\u00dcber mich:<br \/>Mein Ziel ist es, die d\u00f6rfliche Struktur von Buir zu wahren, mit einem gesunden Mix von Mensch und Natur. Im Stadtverband der CDU bin ich als Beisitzerin dabei.<br \/><br \/>Biografie:<br \/>Ich bin 1962 geboren. Von Beruf bin ich Vermessungsingenieurin.<\/p><\/div><div class=\"tmm_scblock\"><\/div><\/div><\/div><span class=\"tmm_two_containers_tablet\"><\/span><\/div><span class=\"tmm_columns_containers_desktop\"><\/span><div class=\"tmm_container\"><div class=\"tmm_member\" style=\"border-top:#fab200 solid 5px;\"><div class=\"tmm_photo tmm_pic_cdu-gesichter_10\" style=\"background: url(http:\/\/cdu-buir.de\/wp-content\/uploads\/2025\/11\/MG_1083-Kopie.jpeg); margin-left: auto; margin-right:auto; background-size:cover !important;\"><\/div><div class=\"tmm_textblock\"><div class=\"tmm_names\"><span class=\"tmm_fname\">Ivo<\/span> <span class=\"tmm_lname\">von Schaaffhausen<\/span><\/div><div class=\"tmm_job\">Beisitzer \/ Koppelkandidat<\/div><div class=\"tmm_desc\" style=\"text-align:left\"><p>\u00dcber mich:<br \/>Mir liegt der Zusammenhalt in der Dorfgemeinschaft am Herzen, denn unser Ort lebt von dem unerm\u00fcdlichen Einsatz der vielen ehrenamtlich Engagierten, die Buir so lebens- und liebenswert machen. Stimmen Sie f\u00fcr die CDU, damit Markus Frambach seine erfolgreiche Arbeit zum\u00a0Wohle unseres Heimatortes fortsetzen kann.<\/p><p>Biografie:<br \/>Ich bin 1985 geboren und in Wachtberg bei Bonn aufgewachsen. Nach meinem Wehrdienst habe ich Philosophie und Volkswirtschaftslehre in Bayreuth, Singapur und Hong Kong studiert und arbeite als Unternehmensberater in K\u00f6ln. Ich bin gl\u00fccklich verheirateter Vater von vier Kindern im\u00a0Alter zwischen 3 und 10 Jahren. Seit 2020 ist Buir mein Zuhause.<\/p><\/div><div class=\"tmm_scblock\"><\/div><\/div><\/div><div class=\"tmm_member\" style=\"border-top:#fab200 solid 5px;\"><div class=\"tmm_photo tmm_pic_cdu-gesichter_11\" style=\"background: url(http:\/\/cdu-buir.de\/wp-content\/uploads\/2017\/12\/Standard-400-pixel.jpg); margin-left: auto; margin-right:auto; background-size:cover !important;\"><\/div><div class=\"tmm_textblock\"><div class=\"tmm_names\"><span class=\"tmm_fname\">Marlene<\/span> <span class=\"tmm_lname\">Weck<\/span><\/div><div class=\"tmm_job\">Beisitzerin<\/div><div class=\"tmm_scblock\"><\/div><\/div><\/div><span class=\"tmm_two_containers_tablet\"><\/span><\/div><span class=\"tmm_columns_containers_desktop\"><\/span><div class=\"tmm_container\"><div class=\"tmm_member\" style=\"border-top:#fab200 solid 5px;\"><div class=\"tmm_photo tmm_pic_cdu-gesichter_12\" style=\"background: url(http:\/\/cdu-buir.de\/wp-content\/uploads\/2025\/11\/Foto-Norman-Franke-klein.jpg); margin-left: auto; margin-right:auto; background-size:cover !important;\"><\/div><div class=\"tmm_textblock\"><div class=\"tmm_names\"><span class=\"tmm_fname\">Norman<\/span> <span class=\"tmm_lname\">Franke<\/span><\/div><div class=\"tmm_job\">Stadtverordneter<\/div><div class=\"tmm_desc\" style=\"text-align:left\"><p>\u00dcber mich:\u00a0<br \/>Gute Kommunalpolitik zeichnet sich dadurch aus, dass sie B\u00fcrgerinnen und B\u00fcrger aktiv beteiligt, bei ihren t\u00e4glichen praktischen Bed\u00fcrfnissen unterst\u00fctzt und ihre Probleme ernst nimmt. B\u00fcrgerinnen undB\u00fcrger sollen sich an ihrem Wohnort wohl f\u00fchlen. Auch die lokale Wirtschaft liegt uns am Herzen. Unsere Unternehmen und Betriebe brauchen verl\u00e4ssliche Partner \u2013 wir setzen uns f\u00fcr ihre F\u00f6rderung und\u00a0den Erhalt wohnortnaher Arbeitspl\u00e4tze ein. So st\u00e4rken wir nicht nur den Standort, sondern schaffen auch Perspektiven f\u00fcr kommende Generationen.<\/p><p>Biografie:<\/p><ul><li>Ich bin Jahrgang 1983, verheiratet, drei Kinder<\/li><li>Versicherungsfachwirt<\/li><li>Sch\u00f6ffe beim Amtsgericht Kerpen<\/li><li>Vorstand zweier Schulpflegschaften<\/li><\/ul><\/div><div class=\"tmm_scblock\"><a class=\"tmm_sociallink\" href=\"mailto:&#110;o&#114;&#109;&#097;n.f&#114;&#097;&#110;&#107;e&#064;cd&#117;&#045;ke&#114;&#112;&#101;&#110;&#046;de\" title=\"\"><img decoding=\"async\" alt=\"\" src=\"https:\/\/cdu-buir.de\/wp-content\/plugins\/team-members\/inc\/img\/links\/email.png\"\/><\/a><\/div><\/div><\/div><div style=\"clear:both;\"><\/div><\/div><\/div><\/div><code><\/code><\/p>\n","protected":false},"excerpt":{"rendered":"","protected":false},"author":1,"featured_media":0,"parent":0,"menu_order":0,"comment_status":"closed","ping_status":"closed","template":"","meta":{"footnotes":""},"class_list":["post-717","page","type-page","status-publish","hentry"],"_links":{"self":[{"href":"https:\/\/cdu-buir.de\/index.php?rest_route=\/wp\/v2\/pages\/717","targetHints":{"allow":["GET"]}}],"collection":[{"href":"https:\/\/cdu-buir.de\/index.php?rest_route=\/wp\/v2\/pages"}],"about":[{"href":"https:\/\/cdu-buir.de\/index.php?rest_route=\/wp\/v2\/types\/page"}],"author":[{"embeddable":true,"href":"https:\/\/cdu-buir.de\/index.php?rest_route=\/wp\/v2\/users\/1"}],"replies":[{"embeddable":true,"href":"https:\/\/cdu-buir.de\/index.php?rest_route=%2Fwp%2Fv2%2Fcomments&post=717"}],"version-history":[{"count":4,"href":"https:\/\/cdu-buir.de\/index.php?rest_route=\/wp\/v2\/pages\/717\/revisions"}],"predecessor-version":[{"id":730,"href":"https:\/\/cdu-buir.de\/index.php?rest_route=\/wp\/v2\/pages\/717\/revisions\/730"}],"wp:attachment":[{"href":"https:\/\/cdu-buir.de\/index.php?rest_route=%2Fwp%2Fv2%2Fmedia&parent=717"}],"curies":[{"name":"wp","href":"https:\/\/api.w.org\/{rel}","templated":true}]}}